{"id":28,"date":"2025-02-24T19:39:27","date_gmt":"2025-02-24T22:39:27","guid":{"rendered":"http:\/\/cateng.com.br\/?page_id=28"},"modified":"2025-02-24T19:52:12","modified_gmt":"2025-02-24T22:52:12","slug":"home","status":"publish","type":"page","link":"https:\/\/cateng.com.br\/?page_id=28","title":{"rendered":"Home"},"content":{"rendered":"\t\t<div data-elementor-type=\"wp-page\" data-elementor-id=\"28\" class=\"elementor elementor-28\">\n\t\t\t\t<div class=\"elementor-element elementor-element-6acbc0ac e-con-full e-flex e-con e-parent\" data-id=\"6acbc0ac\" data-element_type=\"container\">\n\t\t\t\t<div class=\"elementor-element elementor-element-30726dfd elementor-widget elementor-widget-text-editor\" data-id=\"30726dfd\" data-element_type=\"widget\" data-widget_type=\"text-editor.default\">\n\t\t\t\t<div class=\"elementor-widget-container\">\n\t\t\t\t\t\t\t\t\t\n<h1 class=\"wp-block-heading\"><strong>AGREGANDO VALOR<\/strong><\/h1>\n\n<h1 class=\"wp-block-heading\"><strong>COM HONESTIDADE, TRANSPAR\u00caNCIA,<\/strong><\/h1>\n\n<h1 class=\"wp-block-heading\"><strong>COMPROMISSO E<\/strong><\/h1>\n\n<h1 class=\"wp-block-heading\"><strong>RESPEITO.<\/strong><\/h1>\n\n<figure class=\"wp-block-image is-resized\"><img decoding=\"async\" src=\"https:\/\/comovenciacalvicie.files.wordpress.com\/2025\/02\/85b8d-c19c76_376dc1d20bd348b99c4a732a1d6d7c81.png\" alt=\"\" width=\"63\" height=\"36\" \/><\/figure>\n\n<h2 class=\"wp-block-heading\">SERVI\u00c7OS<\/h2>\n<hr class=\"wp-block-separator\" \/>\n<h3 class=\"wp-block-heading\">SEGMENTO P\u00daBLICO | RESIDENCIAL | COMERCIAL | CORPORATIVO<\/h3>\n\n<figure class=\"wp-block-image is-resized\"><img fetchpriority=\"high\" decoding=\"async\" src=\"https:\/\/comovenciacalvicie.files.wordpress.com\/2025\/02\/c4beb-e9217e_c274f0ea03ac4c6194a78c3496a20510mv2.jpg\" alt=\"profissionais-gerenciamento-de-obras.jpg\" width=\"600\" height=\"338\" \/><\/figure>\n\n<div class=\"wp-block-group is-layout-flow wp-block-group-is-layout-flow\">\n<h3 class=\"wp-block-heading\">Licita\u00e7\u00f5es P\u00fablicas<\/h3>\n\n<p>Contamos com uma larga experi\u00eancia trabalhando junto \u00e0s Prefeituras e \u00d3rg\u00e3os P\u00fablicos, onde j\u00e1 entregamos mais de 400 obras nas secretarias de sa\u00fade, educa\u00e7\u00e3o e esportes nas cidades de S\u00e3o Paulo, Jarinu, Atibaia, Piracaia, Tuiuti, Cajamar, Joan\u00f3polis e Bragan\u00e7a Paulista.<\/p>\n<\/div>\n\n<figure class=\"wp-block-image is-resized\"><img decoding=\"async\" src=\"https:\/\/comovenciacalvicie.files.wordpress.com\/2025\/02\/b3278-e9217e_a0959cf5ae7d40bd8bc3b1e7dbc1f4d1mv2.jpg\" alt=\"pcm-capa.jpg\" width=\"999\" height=\"667\" \/><\/figure>\n\n<div class=\"wp-block-group is-layout-flow wp-block-group-is-layout-flow\">\n<h3 class=\"wp-block-heading\">Constru\u00e7\u00e3o e<\/h3>\n\n<h3 class=\"wp-block-heading\">Reformas<\/h3>\n\n<p>Atuamos no setor residencial, comercial, corporativo e p\u00fablico nas modalidades de constru\u00e7\u00e3o e reforma. Executamos obras atrav\u00e9s de contratos de administra\u00e7\u00e3o, empreitada global, empreitada parcial e PMG. Nossa atua\u00e7\u00e3o cobre todo ciclo construtivo at\u00e9 a entrega final.<\/p>\n<\/div>\n\n<figure class=\"wp-block-image is-resized\"><img loading=\"lazy\" decoding=\"async\" src=\"https:\/\/comovenciacalvicie.files.wordpress.com\/2025\/02\/8988b-e9217e_e4a320fc8de14b0aaa31999be54637bemv2.jpg\" alt=\"d462b36ae6975341bdc93192362bb898.jpg\" width=\"533\" height=\"800\" \/><\/figure>\n\n<div class=\"wp-block-group is-layout-flow wp-block-group-is-layout-flow\">\n<h3 class=\"wp-block-heading\">Relat\u00f3rios e<\/h3>\n\n<h3 class=\"wp-block-heading\">Laudos T\u00e9cnicos<\/h3>\n\n<p>Laudos e relat\u00f3rios t\u00e9cnicos multidisciplinares de inspe\u00e7\u00e3o, sistemas construtivos, patologias da constru\u00e7\u00e3o civil entre outros. Nos relat\u00f3rios s\u00e3o apontadas as anomalias existentes que se manifestam na edifica\u00e7\u00e3o no decorrer do prazo de garantia.<\/p>\n<\/div>\n\n<figure class=\"wp-block-image is-resized\"><img loading=\"lazy\" decoding=\"async\" src=\"https:\/\/comovenciacalvicie.files.wordpress.com\/2025\/02\/69a7f-e9217e_527f699b7a654792b32fe650ff021fa4mv2.jpg\" alt=\"arquitetonico.jpg\" width=\"2560\" height=\"1440\" \/><\/figure>\n\n<div class=\"wp-block-group is-layout-flow wp-block-group-is-layout-flow\">\n<h3 class=\"wp-block-heading\">Gest\u00e3o de Projetos<\/h3>\n\n<h3 class=\"wp-block-heading\">Multidisciplinares<\/h3>\n\n<p>Trabalhamos com Estudo de Viabilidade, Projetos Arquitet\u00f4nicos, Projetos Estruturais, Projetos de Instala\u00e7\u00f5es e Compatibiliza\u00e7\u00e3o de Projetos.\u00a0<\/p>\n\n<p>Oferecemos aos nossos clientes consultoria em Design de Interiores e Paisagismo.<\/p>\n<\/div>\n\n<figure class=\"wp-block-image is-resized\"><img loading=\"lazy\" decoding=\"async\" src=\"https:\/\/comovenciacalvicie.files.wordpress.com\/2025\/02\/53ada-e9217e_c329f3e09b5b4924bcf9f4f59d8a5262mv2.jpg\" alt=\"2062-a7f1b9b4f8d757f06ba6ed4c1fc640b9.jp\" width=\"600\" height=\"449\" \/><\/figure>\n\n<div class=\"wp-block-group is-layout-flow wp-block-group-is-layout-flow\">\n<h3 class=\"wp-block-heading\">Supervis\u00e3o, Gerenciamento, e Fiscaliza\u00e7\u00e3o de Obras<\/h3>\n\n<p>Contamos com uma equipe experiente que faz a gest\u00e3o de todas as atividades que integram a obra, de acordo com as melhores pr\u00e1ticas globais e com excel\u00eancia na presta\u00e7\u00e3o dos servi\u00e7os.<\/p>\n<\/div>\n\n<p>\u00a0<\/p>\n\n<div class=\"wp-block-cover alignfull has-background-dim\"><img decoding=\"async\" class=\"wp-block-cover__image-background wp-image-17\" src=\"https:\/\/comovenciacalvicie.files.wordpress.com\/2025\/02\/5475e-c19c76_427a7bbf62474f74968cb087499c7a3e.jpg\" alt=\"\" data-object-fit=\"cover\" \/>\n<div class=\"wp-block-cover__inner-container is-layout-flow wp-block-cover-is-layout-flow\">\n<div class=\"wp-block-group is-layout-flow wp-block-group-is-layout-flow\">\n<h2 class=\"wp-block-heading\">QUEM SOMOS<\/h2>\n<hr class=\"wp-block-separator\" \/>\n<p>A <strong>CAT Engenharia &amp; Constru\u00e7\u00e3o<\/strong>\u00a0nasceu em 1986 na cidade de S\u00e3o Paulo como uma empresa familiar com foco de atua\u00e7\u00e3o no ramo da Engenharia, Constru\u00e7\u00e3o Civil e Arquitetura.<\/p>\n\n<p>Ao longo dos anos, desenvolvemos projetos, realizamos o gerenciamento e a execu\u00e7\u00e3o de obras residenciais, comerciais, corporativas e obras do setor p\u00fablico, atuando em toda a cidade de S\u00e3o Paulo e Interior.<\/p>\n\n<p>O que rege <strong>nossos valores<\/strong> \u00e9 a atua\u00e7\u00e3o pautada em um rela\u00e7\u00e3o de responsabilidade e transpar\u00eancia com nossos clientes e prestadores de servi\u00e7o, h\u00e1 mais de tr\u00eas d\u00e9cadas.<\/p>\n\n<p>\u00a0<\/p>\n\n<p><strong>Nossa miss\u00e3o<\/strong> \u00e9 ser uma empresa refer\u00eancia em engenharia e constru\u00e7\u00e3o, trabalhando sempre com qualidade e oferecendo solu\u00e7\u00f5es inovadoras a pre\u00e7os justos, nos destacando pela s\u00f3lida experi\u00eancia, dedica\u00e7\u00e3o, transpar\u00eancia e comprometimento.<\/p>\n<\/div>\n<\/div>\n<\/div>\n\n<p>\u00a0<\/p>\n\n<p>1986<\/p>\n\n<p>Ano de\u00a0<\/p>\n\n<p>Funda\u00e7\u00e3o<\/p>\n\n<p>35<\/p>\n\n<h6 class=\"wp-block-heading\">Anos de<\/h6>\n\n<h6 class=\"wp-block-heading\">Hist\u00f3ria<\/h6>\n\n<p>508<\/p>\n\n<p>Obras Conclu\u00eddas<\/p>\n\n<p>e Entregues<\/p>\n\n<p>\u00a0<\/p>\n\n<h2 class=\"wp-block-heading\">TRABALHOS<\/h2>\n<hr class=\"wp-block-separator\" \/>\n<h2 class=\"wp-block-heading\">CLIENTES<\/h2>\n<hr class=\"wp-block-separator\" \/>\n<p>\u00a0<\/p>\n\n<h2 class=\"wp-block-heading\">CONTATO<\/h2>\n<hr class=\"wp-block-separator\" \/>\n<h3 class=\"wp-block-heading\">Informa\u00e7\u00f5es<\/h3>\n\n<p>Para qualquer informa\u00e7\u00e3o, d\u00favida ou solicita\u00e7\u00e3o de or\u00e7amento, por favor ligue:<\/p>\n\n<p><strong>(11) 9.8818-8678 | 9.9972-1532<\/strong><\/p>\n\n<p>Ou preencha o fomul\u00e1rio:<\/p>\n\n<h3 class=\"wp-block-heading\">Matriz<\/h3>\n\n<p>Av. Paes de Barros &#8211; Mooca<br \/>S\u00e3o Paulo, SP 03115-001<\/p>\n\n<h3 class=\"wp-block-heading\">Escrit\u00f3rio<\/h3>\n\n<p>Al. San Marino &#8211; Jd. Europa<\/p>\n\n<p>Bragan\u00e7a Paulista, SP 12919-025<\/p>\n<hr class=\"wp-block-separator\" \/>\n<p>Or\u00e7amentos<\/p>\n\n<p><strong>(11) 9.8818-8678 | 9.9972-1532<\/strong><\/p>\n\n<p><strong>E-mail: cat@cateng.com.br\u00a0<\/strong><\/p>\n\t\t\t\t\t\t\t\t<\/div>\n\t\t\t\t<\/div>\n\t\t\t\t<\/div>\n\t\t\t\t<\/div>\n\t\t","protected":false},"excerpt":{"rendered":"<p>AGREGANDO VALOR COM HONESTIDADE, TRANSPAR\u00caNCIA, COMPROMISSO E RESPEITO. SERVI\u00c7OS SEGMENTO P\u00daBLICO | RESIDENCIAL | COMERCIAL | CORPORATIVO Licita\u00e7\u00f5es P\u00fablicas Contamos com uma larga experi\u00eancia trabalhando junto \u00e0s Prefeituras e \u00d3rg\u00e3os P\u00fablicos, onde j\u00e1 entregamos mais de 400 obras nas secretarias de sa\u00fade, educa\u00e7\u00e3o e esportes nas cidades de S\u00e3o Paulo, Jarinu, Atibaia, Piracaia, Tuiuti, Cajamar, [&hellip;]<\/p>\n","protected":false},"author":1,"featured_media":0,"parent":0,"menu_order":0,"comment_status":"closed","ping_status":"closed","template":"","meta":{"footnotes":""},"class_list":["post-28","page","type-page","status-publish","hentry"],"_links":{"self":[{"href":"https:\/\/cateng.com.br\/index.php?rest_route=\/wp\/v2\/pages\/28","targetHints":{"allow":["GET"]}}],"collection":[{"href":"https:\/\/cateng.com.br\/index.php?rest_route=\/wp\/v2\/pages"}],"about":[{"href":"https:\/\/cateng.com.br\/index.php?rest_route=\/wp\/v2\/types\/page"}],"author":[{"embeddable":true,"href":"https:\/\/cateng.com.br\/index.php?rest_route=\/wp\/v2\/users\/1"}],"replies":[{"embeddable":true,"href":"https:\/\/cateng.com.br\/index.php?rest_route=%2Fwp%2Fv2%2Fcomments&post=28"}],"version-history":[{"count":4,"href":"https:\/\/cateng.com.br\/index.php?rest_route=\/wp\/v2\/pages\/28\/revisions"}],"predecessor-version":[{"id":34,"href":"https:\/\/cateng.com.br\/index.php?rest_route=\/wp\/v2\/pages\/28\/revisions\/34"}],"wp:attachment":[{"href":"https:\/\/cateng.com.br\/index.php?rest_route=%2Fwp%2Fv2%2Fmedia&parent=28"}],"curies":[{"name":"wp","href":"https:\/\/api.w.org\/{rel}","templated":true}]}}